{"id":103,"date":"2016-02-05T19:28:46","date_gmt":"2016-02-05T19:28:46","guid":{"rendered":"http:\/\/aappu.com.br\/site\/?page_id=103"},"modified":"2025-01-22T20:09:27","modified_gmt":"2025-01-22T20:09:27","slug":"convenios","status":"publish","type":"page","link":"https:\/\/aappu.com.br\/site\/convenios\/","title":{"rendered":"Conv\u00eanios"},"content":{"rendered":"<h4><span style=\"color: #003366;\">Parceiros Odontol\u00f3gicos<\/span><\/h4>\n<p><a href=\"http:\/\/aappu.com.br\/site\/wp-content\/uploads\/2025\/01\/Parceiros-odontologicos_WEB-2025-1.pdf\">http:\/\/aappu.com.br\/site\/wp-content\/uploads\/2025\/01\/Parceiros-odontologicos_WEB-2025-1.pdf<\/a><\/p>\n<p><strong><span style=\"color: #333333;\"><a style=\"color: #333333;\" href=\"http:\/\/aappu.com.br\/site\/parceiros-odontologicos\">Veja p\u00e1gina completa\u00a0<\/a><\/span><\/strong><\/p>\n<h4><span style=\"color: #003366;\">Urdan Ant\u00f4nio Furtado <\/span><\/h4>\n<p><strong>Servi\u00e7o advocat\u00edcio<\/strong><\/p>\n<p>Rua Alagoas, 1314 &#8211; sala 717 &#8211; Funcion\u00e1rios &#8211; Belo Horizonte &#8211; MG<\/p>\n<p><strong>Tel.: (31) 3284-0660<\/strong><\/p>\n<h4><span style=\"color: #003366;\">Minascor Centro M\u00e9dico LTDA.<\/span><\/h4>\n<p>Check-up m\u00e9dico incluindo uma consulta cl\u00ednica cardiol\u00f3gica, Eletrocardiograma, Teste Ergom\u00e9trico e consulta urol\u00f3gica ou ginecol\u00f3gica, conforme o caso.<\/p>\n<p>Av. Afonso Pena, 867 &#8211; sala 1616 a 1622 &#8211; Centro &#8211; Belo Horizonte<\/p>\n<p><strong>Tel.: (31) 3224-0644 e 3224-0688<\/strong><\/p>\n","protected":false},"excerpt":{"rendered":"<p>Parceiros Odontol\u00f3gicos http:\/\/aappu.com.br\/site\/wp-content\/uploads\/2025\/01\/Parceiros-odontologicos_WEB-2025-1.pdf Veja p\u00e1gina completa\u00a0 Urdan Ant\u00f4nio Furtado Servi\u00e7o advocat\u00edcio Rua Alagoas, 1314 &#8211; sala 717 &#8211; Funcion\u00e1rios &#8211; Belo Horizonte &#8211; MG Tel.: (31) 3284-0660 Minascor Centro M\u00e9dico LTDA. Check-up m\u00e9dico incluindo uma consulta cl\u00ednica cardiol\u00f3gica, Eletrocardiograma, Teste Ergom\u00e9trico e consulta urol\u00f3gica ou ginecol\u00f3gica, conforme o caso. Av. Afonso Pena, 867 &#8211; sala [&hellip;]<\/p>\n","protected":false},"author":1,"featured_media":0,"parent":0,"menu_order":0,"comment_status":"closed","ping_status":"closed","template":"","meta":[],"_links":{"self":[{"href":"https:\/\/aappu.com.br\/site\/wp-json\/wp\/v2\/pages\/103"}],"collection":[{"href":"https:\/\/aappu.com.br\/site\/wp-json\/wp\/v2\/pages"}],"about":[{"href":"https:\/\/aappu.com.br\/site\/wp-json\/wp\/v2\/types\/page"}],"author":[{"embeddable":true,"href":"https:\/\/aappu.com.br\/site\/wp-json\/wp\/v2\/users\/1"}],"replies":[{"embeddable":true,"href":"https:\/\/aappu.com.br\/site\/wp-json\/wp\/v2\/comments?post=103"}],"version-history":[{"count":34,"href":"https:\/\/aappu.com.br\/site\/wp-json\/wp\/v2\/pages\/103\/revisions"}],"predecessor-version":[{"id":14622,"href":"https:\/\/aappu.com.br\/site\/wp-json\/wp\/v2\/pages\/103\/revisions\/14622"}],"wp:attachment":[{"href":"https:\/\/aappu.com.br\/site\/wp-json\/wp\/v2\/media?parent=103"}],"curies":[{"name":"wp","href":"https:\/\/api.w.org\/{rel}","templated":true}]}}