{"id":7306,"date":"2017-01-26T13:15:11","date_gmt":"2017-01-26T13:15:11","guid":{"rendered":"http:\/\/aappu.com.br\/site\/?page_id=7306"},"modified":"2023-04-13T19:33:07","modified_gmt":"2023-04-13T19:33:07","slug":"informativos-2017","status":"publish","type":"page","link":"http:\/\/aappu.com.br\/site\/informativos-2017\/","title":{"rendered":"Informativos 2017"},"content":{"rendered":"<h2><span style=\"color: #003366;\">Edi\u00e7\u00f5es anteriores<\/span><\/h2>\n<h4><span style=\"color: #0000ff;\"><a style=\"color: #0000ff;\" href=\"http:\/\/aappu.com.br\/site\/wp-content\/uploads\/2017\/03\/Edi\u00e7\u00e3o-284-INFORME-AAPPU.compressed.pdf\">EDI\u00c7\u00c3O 284 &#8211; JANEIRO \/ FEVEREIRO<\/a><br \/>\n<\/span><\/h4>\n<h4><span style=\"color: #0000ff;\"><a style=\"color: #0000ff;\" href=\"http:\/\/aappu.com.br\/site\/wp-content\/uploads\/2017\/01\/Edi\u00e7\u00e3o-285-Web-1.pdf\">EDI\u00c7\u00c3O 285 &#8211; MAR\u00c7O \/ ABRIL<\/a><br \/>\n<\/span><\/h4>\n<h4><span style=\"color: #0000ff;\"><a style=\"color: #0000ff;\" href=\"http:\/\/aappu.com.br\/site\/wp-content\/uploads\/2017\/07\/Edi\u00e7\u00e3o-286.pdf\">EDI\u00c7\u00c3O 286 &#8211; MAIO<\/a><br \/>\n<\/span><\/h4>\n<h4><span style=\"color: #0000ff;\"><a style=\"color: #0000ff;\" href=\"http:\/\/aappu.com.br\/site\/wp-content\/uploads\/2017\/08\/Edi\u00e7\u00e3o-287.pdf\">EDI\u00c7\u00c3O 287 &#8211; JUNHO \/ JULHO \/ AGOSTO<\/a><\/span><\/h4>\n<h4><span style=\"color: #0000ff;\"><a style=\"color: #0000ff;\" href=\"http:\/\/aappu.com.br\/site\/wp-content\/uploads\/2017\/11\/Edi\u00e7\u00e3o-288-WEB-final.pdf\">EDI\u00c7\u00c3O 288 &#8211; SETEMBRO \/ OUTUBRO<\/a><br \/>\n<\/span><\/h4>\n<h4><span style=\"color: #0000ff;\"><a style=\"color: #0000ff;\" href=\"http:\/\/aappu.com.br\/site\/wp-content\/uploads\/2018\/01\/Edi\u00e7\u00e3o-289-EDI\u00c7\u00c3O-WEB.pdf\">EDI\u00c7\u00c3O 289 &#8211; NOVEMBRO \/ DEZEMBRO<\/a><\/span><\/h4>\n","protected":false},"excerpt":{"rendered":"<p>Edi\u00e7\u00f5es anteriores EDI\u00c7\u00c3O 284 &#8211; JANEIRO \/ FEVEREIRO EDI\u00c7\u00c3O 285 &#8211; MAR\u00c7O \/ ABRIL EDI\u00c7\u00c3O 286 &#8211; MAIO EDI\u00c7\u00c3O 287 &#8211; JUNHO \/ JULHO \/ AGOSTO EDI\u00c7\u00c3O 288 &#8211; SETEMBRO \/ OUTUBRO EDI\u00c7\u00c3O 289 &#8211; NOVEMBRO \/ DEZEMBRO<\/p>\n","protected":false},"author":2,"featured_media":0,"parent":0,"menu_order":0,"comment_status":"closed","ping_status":"closed","template":"","meta":[],"_links":{"self":[{"href":"http:\/\/aappu.com.br\/site\/wp-json\/wp\/v2\/pages\/7306"}],"collection":[{"href":"http:\/\/aappu.com.br\/site\/wp-json\/wp\/v2\/pages"}],"about":[{"href":"http:\/\/aappu.com.br\/site\/wp-json\/wp\/v2\/types\/page"}],"author":[{"embeddable":true,"href":"http:\/\/aappu.com.br\/site\/wp-json\/wp\/v2\/users\/2"}],"replies":[{"embeddable":true,"href":"http:\/\/aappu.com.br\/site\/wp-json\/wp\/v2\/comments?post=7306"}],"version-history":[{"count":60,"href":"http:\/\/aappu.com.br\/site\/wp-json\/wp\/v2\/pages\/7306\/revisions"}],"predecessor-version":[{"id":12846,"href":"http:\/\/aappu.com.br\/site\/wp-json\/wp\/v2\/pages\/7306\/revisions\/12846"}],"wp:attachment":[{"href":"http:\/\/aappu.com.br\/site\/wp-json\/wp\/v2\/media?parent=7306"}],"curies":[{"name":"wp","href":"https:\/\/api.w.org\/{rel}","templated":true}]}}