{"id":1947,"date":"2016-07-18T19:07:02","date_gmt":"2016-07-18T19:07:02","guid":{"rendered":"http:\/\/aappu.com.br\/site\/?page_id=1947"},"modified":"2023-04-13T19:59:37","modified_gmt":"2023-04-13T19:59:37","slug":"informativo-2013","status":"publish","type":"page","link":"http:\/\/aappu.com.br\/site\/informativo-2013\/","title":{"rendered":"Informativos 2013"},"content":{"rendered":"<h4><a href=\"http:\/\/aappu.com.br\/site\/wp-content\/uploads\/2016\/02\/EDIC\u0327A\u0303O-245-JANEIRO.pdf\" target=\"_blank\" rel=\"noopener\"><span style=\"color: #0000ff;\"><strong>Edi\u00e7\u00e3o 245 &#8211; JANEIRO<\/strong><\/span><\/a><\/h4>\n<h4><a href=\"http:\/\/aappu.com.br\/site\/wp-content\/uploads\/2016\/02\/EDIC\u0327A\u0303O-246-FEVEREIRO.pdf\" target=\"_blank\" rel=\"noopener\"><span style=\"color: #0000ff;\"><strong>Edi\u00e7\u00e3o 246 &#8211; FEVEREIRO<\/strong><\/span><\/a><\/h4>\n<h4><a href=\"http:\/\/aappu.com.br\/site\/wp-content\/uploads\/2016\/02\/EDIC\u0327A\u0303O-247-MARC\u0327O.pdf\" target=\"_blank\" rel=\"noopener\"><span style=\"color: #0000ff;\"><strong>Edi\u00e7\u00e3o 247 &#8211; MAR\u00c7O<\/strong><\/span><\/a><\/h4>\n<h4><a href=\"http:\/\/aappu.com.br\/site\/wp-content\/uploads\/2016\/02\/EDIC\u0327A\u0303O-248-ABRIL.pdf\" target=\"_blank\" rel=\"noopener\"><span style=\"color: #0000ff;\"><strong>Edi\u00e7\u00e3o 248 &#8211; ABRIL<\/strong><\/span><\/a><\/h4>\n<h4><a href=\"http:\/\/aappu.com.br\/site\/wp-content\/uploads\/2016\/02\/EDIC\u0327A\u0303O-249-MAIO.pdf\" target=\"_blank\" rel=\"noopener\"><span style=\"color: #0000ff;\"><strong>Edi\u00e7\u00e3o 249 &#8211; MAIO<\/strong><\/span><\/a><\/h4>\n<h4><a href=\"http:\/\/aappu.com.br\/site\/wp-content\/uploads\/2016\/02\/EDIC\u0327A\u0303O-250-JUNHO.pdf\" target=\"_blank\" rel=\"noopener\"><span style=\"color: #0000ff;\"><strong>Edi\u00e7\u00e3o 250 &#8211; JUNHO<\/strong><\/span><\/a><\/h4>\n<h4><a href=\"http:\/\/aappu.com.br\/site\/wp-content\/uploads\/2016\/02\/EDIC\u0327AO-251-JULHO.pdf\" target=\"_blank\" rel=\"noopener\"><span style=\"color: #0000ff;\"><strong>Edi\u00e7\u00e3o 251 &#8211; JULHO<\/strong><\/span><\/a><\/h4>\n<h4><span style=\"color: #0000ff;\"><strong><a style=\"color: #0000ff;\" href=\"http:\/\/aappu.com.br\/site\/wp-content\/uploads\/2016\/02\/EDIC\u0327A\u0303O-252-AGOSTO.pdf\" target=\"_blank\" rel=\"noopener\">Edi\u00e7\u00e3o 252 &#8211; AGOSTO<\/a><\/strong><\/span><\/h4>\n<h4><a href=\"http:\/\/aappu.com.br\/site\/wp-content\/uploads\/2016\/02\/EDIC\u0327A\u0303O-253-SETEMBRO.pdf\" target=\"_blank\" rel=\"noopener\"><span style=\"color: #0000ff;\"><strong>Edi\u00e7\u00e3o 253 &#8211; SETEMBRO<\/strong><\/span><\/a><\/h4>\n<h4><span style=\"color: #0000ff;\"><strong><a style=\"color: #0000ff;\" href=\"http:\/\/aappu.com.br\/site\/wp-content\/uploads\/2016\/02\/EDIC\u0327A\u0303O-254-OUTUBRO.pdf\" target=\"_blank\" rel=\"noopener\">Edi\u00e7\u00e3o 254 &#8211; OUTUBRO<\/a><\/strong><\/span><\/h4>\n<h4><span style=\"color: #0000ff;\"><strong><a style=\"color: #0000ff;\" href=\"http:\/\/aappu.com.br\/site\/wp-content\/uploads\/2016\/02\/EDIC\u0327A\u0303O-255-NOVEMBRO.pdf\" target=\"_blank\" rel=\"noopener\">Edi\u00e7\u00e3o 255 &#8211; NOVEMBRO<\/a><\/strong><\/span><\/h4>\n<h4><span style=\"color: #0000ff;\"><strong><a style=\"color: #0000ff;\" href=\"http:\/\/aappu.com.br\/site\/wp-content\/uploads\/2016\/02\/EDIC\u0327A\u0303O-256-DEZEMBRO.pdf\" target=\"_blank\" rel=\"noopener\">Edi\u00e7\u00e3o 256 &#8211; DEZEMBRO<\/a><\/strong><\/span><\/h4>\n\n\n<p><\/p>\n","protected":false},"excerpt":{"rendered":"<p>Edi\u00e7\u00e3o 245 &#8211; JANEIRO Edi\u00e7\u00e3o 246 &#8211; FEVEREIRO Edi\u00e7\u00e3o 247 &#8211; MAR\u00c7O Edi\u00e7\u00e3o 248 &#8211; ABRIL Edi\u00e7\u00e3o 249 &#8211; MAIO Edi\u00e7\u00e3o 250 &#8211; JUNHO Edi\u00e7\u00e3o 251 &#8211; JULHO Edi\u00e7\u00e3o 252 &#8211; AGOSTO Edi\u00e7\u00e3o 253 &#8211; SETEMBRO Edi\u00e7\u00e3o 254 &#8211; OUTUBRO Edi\u00e7\u00e3o 255 &#8211; NOVEMBRO Edi\u00e7\u00e3o 256 &#8211; DEZEMBRO<\/p>\n","protected":false},"author":1,"featured_media":0,"parent":0,"menu_order":0,"comment_status":"closed","ping_status":"closed","template":"","meta":[],"_links":{"self":[{"href":"http:\/\/aappu.com.br\/site\/wp-json\/wp\/v2\/pages\/1947"}],"collection":[{"href":"http:\/\/aappu.com.br\/site\/wp-json\/wp\/v2\/pages"}],"about":[{"href":"http:\/\/aappu.com.br\/site\/wp-json\/wp\/v2\/types\/page"}],"author":[{"embeddable":true,"href":"http:\/\/aappu.com.br\/site\/wp-json\/wp\/v2\/users\/1"}],"replies":[{"embeddable":true,"href":"http:\/\/aappu.com.br\/site\/wp-json\/wp\/v2\/comments?post=1947"}],"version-history":[{"count":5,"href":"http:\/\/aappu.com.br\/site\/wp-json\/wp\/v2\/pages\/1947\/revisions"}],"predecessor-version":[{"id":12863,"href":"http:\/\/aappu.com.br\/site\/wp-json\/wp\/v2\/pages\/1947\/revisions\/12863"}],"wp:attachment":[{"href":"http:\/\/aappu.com.br\/site\/wp-json\/wp\/v2\/media?parent=1947"}],"curies":[{"name":"wp","href":"https:\/\/api.w.org\/{rel}","templated":true}]}}